{"id":5,"date":"2024-03-15T15:25:34","date_gmt":"2024-03-15T14:25:34","guid":{"rendered":"http:\/\/www.boursedeslivres.com\/?page_id=5"},"modified":"2025-06-27T15:07:25","modified_gmt":"2025-06-27T14:07:25","slug":"accueil","status":"publish","type":"page","link":"https:\/\/www.boursedeslivres.com\/","title":{"rendered":"Bourse aux Livres Berthollet 2025"},"content":{"rendered":"\n<h1 class=\"wp-block-heading has-text-align-center\"><mark style=\"background-color:rgba(0, 0, 0, 0)\" class=\"has-inline-color has-luminous-vivid-orange-color\">Adh\u00e9sion et\/ou soutien<\/mark><br><strong><mark style=\"background-color:rgba(0, 0, 0, 0)\" class=\"has-inline-color has-luminous-vivid-orange-color\">ann\u00e9e scolaire<\/mark> <mark style=\"background-color:rgba(0, 0, 0, 0)\" class=\"has-inline-color has-luminous-vivid-orange-color\">2025-2026<\/mark><\/strong><\/h1>\n\n\n\n<p>Chers parents,<br>L\u2019Association Bourse Aux Livres du lyc\u00e9e Berthollet (BALB) est une association loi 1901 qui assure la pr\u00e9paration, la distribution et la restitution des livres,<strong>&nbsp;pr\u00eat\u00e9s par la R\u00e9gion Auvergne Rh\u00f4ne Alpes<\/strong>.<br><strong>Merci<\/strong>&nbsp;<strong>de<\/strong>&nbsp;bien vouloir&nbsp;<strong>les couvrir afin d\u2019optimiser leur dur\u00e9e de vie<\/strong>.<br><br>Pour&nbsp;<strong>adh\u00e9rer* ou soutenir<\/strong>&nbsp;financi\u00e8rement l\u2019association, vous pouvez&nbsp;payer la somme de&nbsp;<strong>3\u20ac par famille m\u00eame si plusieurs enfants au lyc\u00e9e<\/strong>. Nous vous remercions pour votre soutien financier.<\/p>\n\n\n\n<ul class=\"wp-block-list\">\n<li><strong><mark><mark style=\"background-color:#ffffff\" class=\"has-inline-color has-luminous-vivid-orange-color\">PAIEMENT EN LIGNE\u00a0PAR CARTE BANCAIRE<\/mark><\/mark><\/strong> <mark style=\"background-color:rgba(0, 0, 0, 0)\" class=\"has-inline-color has-luminous-vivid-orange-color\"><strong>(\u00e0 privil\u00e9gier)<\/strong><\/mark>\u00a0<strong>du 01 juin au 31 d\u00e9cembre 2025 :<\/strong>\u00a0En vous rendant sur le site Internet d\u2019Hello Asso et en cliquant sur le lien :\u00a0<a href=\"https:\/\/www.helloasso.com\/associations\/bourse-aux-livres-du-lycee-berthollet-d-annecy?_gl=1%2a1viw5x%2a_up%2aMQ..&amp;gclid=CjwKCAjwzN-vBhAkEiwAYiO7oLObZMG0OE-mMC55D_i8VIkUBvg5ZE-UAHf8mSt4GvmAczdyaFl0nRoCh8IQAvD_BwE\">ici<\/a> <br><br><\/li>\n\n\n\n<li><strong><mark><mark style=\"background-color:#ffffff\" class=\"has-inline-color has-luminous-vivid-orange-color\">PAIEMENT PAR CHEQUE\u00a0<\/mark><\/mark><\/strong>\u00a0<strong>le jour de la r\u00e9ception des livres en septembre :<\/strong><br><strong><u>Ordre du ch\u00e8que\u00a0: \u00ab\u00a0BALB\u00a0\u00bb<\/u>\u00a0<\/strong>avec au dos<strong> les nom, pr\u00e9nom, classe ou niveau \u00e0 la rentr\u00e9e 2025 de l\u2019enfant\/des enfants <\/strong>et si possible agraf\u00e9 au bulletin d&rsquo;adh\u00e9sion rempli.<strong>\u00a0<br><\/strong><br><\/li>\n\n\n\n<li><strong><mark><mark style=\"background-color:#ffffff\" class=\"has-inline-color has-luminous-vivid-orange-color\">PAIEMENT EN ESPECES<\/mark><\/mark>\u00a0le jour de la r\u00e9ception des livres en septembre :<\/strong><br>Esp\u00e8ces accompagn\u00e9es du <strong>bulletin d&rsquo;adh\u00e9sion rempli<\/strong>. <br><br><\/li>\n\n\n\n<li><strong><mark style=\"background-color:rgba(0, 0, 0, 0)\" class=\"has-inline-color has-vivid-red-color\">En cas de paiement par ch\u00e8que ou esp\u00e8ces<\/mark>, vous <\/strong><mark style=\"background-color:rgba(0, 0, 0, 0)\" class=\"has-inline-color has-vivid-red-color\"><strong>devez remplir le bulletin d\u2019adh\u00e9sion<\/strong><\/mark><strong> ou de soutien ci-dessous<\/strong> : <br> &gt; soit l&rsquo;envoyer \u00e0 bal.berthollet@gmail.com ,<br> &gt; soit l&rsquo;imprimer et le donner \u00e0 votre enfant accompagn\u00e9 du r\u00e8glement,<br><strong><mark style=\"background-color:#fcb900\" class=\"has-inline-color has-black-color\">Dans les deux cas pensez \u00e0 remettre votre r\u00e8glement \u00e0 votre enfant \u00e0 la rentr\u00e9e.<\/mark><br><\/strong><\/li>\n\n\n\n<li><strong>En cas d\u2019oubli<\/strong> d\u00e9posez-les dans notre bo\u00eete aux lettres &nbsp;\u00bb bourse aux livres&nbsp;\u00bb n\u00b030 dans le couloir vers l\u2019intendance.<\/li>\n<\/ul>\n\n\n\n<p><\/p>\n\n\n\n<div data-wp-interactive=\"core\/file\" class=\"wp-block-file\"><object data-wp-bind--hidden=\"!state.hasPdfPreview\" hidden class=\"wp-block-file__embed\" data=\"https:\/\/www.boursedeslivres.com\/wp-content\/uploads\/2025\/06\/Bulletin-Adhesion-rentree-2025-avec-Qrcode.pdf\" type=\"application\/pdf\" style=\"width:100%;height:600px\" aria-label=\"Contenu embarqu\u00e9 Bulletin Adh\u00e9sion rentr\u00e9e 2025 avec Qrcode.\"><\/object><a id=\"wp-block-file--media-616d6cec-0caf-4fe9-a73b-39fefd475313\" href=\"https:\/\/www.boursedeslivres.com\/wp-content\/uploads\/2025\/06\/Bulletin-Adhesion-rentree-2025-avec-Qrcode.pdf\">Bulletin Adh\u00e9sion rentr\u00e9e 2025 avec Qrcode<\/a><a href=\"https:\/\/www.boursedeslivres.com\/wp-content\/uploads\/2025\/06\/Bulletin-Adhesion-rentree-2025-avec-Qrcode.pdf\" class=\"wp-block-file__button wp-element-button\" download aria-describedby=\"wp-block-file--media-616d6cec-0caf-4fe9-a73b-39fefd475313\">T\u00e9l\u00e9charger<\/a><\/div>\n\n\n\n<h1 class=\"wp-block-heading has-text-align-center has-text-color\" style=\"color:#552981\">Pass\u2019R\u00e9gion 2025<\/h1>\n\n\n\n<p><strong>Votre carte Pass\u2019R\u00e9gion sert pendant toute la dur\u00e9e de votre scolarit\u00e9 au lyc\u00e9e Berthollet : ne la commandez pas \u00e0 nouveau si vous poursuivez votre scolarit\u00e9 \u00e0 Berthollet !<\/strong><\/p>\n\n\n\n<p>3 cas :<\/p>\n\n\n\n<p>1 \u2013 Vous <mark style=\"background-color:rgba(0, 0, 0, 0)\" class=\"has-inline-color has-vivid-purple-color\"><strong>entrez en&nbsp;seconde&nbsp;ou vous arrivez d\u2019une autre R\u00e9gion que la R\u00e9gion Auvergne Rh\u00f4ne Alpes<\/strong><\/mark>&nbsp;: vous devez faire votre commande sur internet :&nbsp;<a href=\"https:\/\/www.auvergnerhonealpes.fr\/passregion\" target=\"_blank\" rel=\"noreferrer noopener\">https:\/\/www.auvergnerhonealpes.fr\/passregion<\/a>&nbsp;d\u00e8s que vous \u00eates affect\u00e9 au lyc\u00e9e Berthollet. Commandez d\u00e8s que vous \u00eates affect\u00e9(e) au lyc\u00e9e Berthollet, en tout cas, dans l&rsquo;id\u00e9al avant le vendredi 4 juillet 2025, pour que les secr\u00e9taires des proviseurs adjoints puissent effectuer une validation. Celle-ci engendrera la fabrication de la carte et l&rsquo;envoi \u00e0 domicile pendant les vacances scolaires. Veillez \u00e0 avoir votre nom sur votre bo\u00eete aux lettres.<\/p>\n\n\n\n<p>2 \u2013 Vous <strong><mark style=\"background-color:rgba(0, 0, 0, 0)\" class=\"has-inline-color has-vivid-purple-color\">\u00e9tiez au lyc\u00e9e Berthollet l&rsquo;ann\u00e9e scolaire derni\u00e8re<\/mark><\/strong>, ne commandez pas votre carte.<\/p>\n\n\n\n<p>3 \u2013 Vous <strong><mark style=\"background-color:rgba(0, 0, 0, 0)\" class=\"has-inline-color has-vivid-purple-color\">arrivez d\u2019un autre \u00e9tablissement de la R\u00e9gion Auvergne Rh\u00f4ne Alpes<\/mark><\/strong> (ex: vous \u00e9tiez au lyc\u00e9e Gabriel Faur\u00e9 \u00e0 Annecy et vous arrivez au lyc\u00e9e Berthollet), vous devez&nbsp;<strong>contacter le secr\u00e9tariat du lyc\u00e9e<\/strong>&nbsp;<strong>Berthollet&nbsp;<\/strong>afin d\u2019\u00eatre valid\u00e9 dans votre nouvel \u00e9tablissement, ce qui g\u00e9n\u00e9rera la cr\u00e9ation d\u2019une nouvelle carte pour le lyc\u00e9e Berthollet. <strong>Vous ne devez pas commander la carte Pass&rsquo;R\u00e9gion<\/strong>. Attention :&nbsp; l\u2019envoi se fera selon la m\u00eame modalit\u00e9 que celle choisie lors de votre 1\u00e8re commande de Pass\u2019R\u00e9gion, c&rsquo;est-\u00e0-dire \u00e0 l&rsquo;\u00e9tablissement ou \u00e0 domicile (= si envoi dans votre nouvel \u00e9tablissement ATTN \u00e0 venir la r\u00e9cup\u00e9rer au secr\u00e9tariat des proviseurs adjoints \/si envoi \u00e0 domicile ATTN \u00e0 avoir la bonne adresse postale renseign\u00e9e)- Donc, v\u00e9rifiez l\u2019adresse saisie dans votre compte Pass\u2019R\u00e9gion car en cas de d\u00e9m\u00e9nagement vous devrez remplacer l\u2019adresse postale inscrite par la nouvelle adresse postale.<\/p>\n\n\n\n<div class=\"wp-block-cover\"><span aria-hidden=\"true\" class=\"wp-block-cover__background has-background-dim\"><\/span><div class=\"wp-block-cover__inner-container is-layout-flow wp-block-cover-is-layout-flow\">\n<p><mark style=\"background-color:rgba(0, 0, 0, 0)\" class=\"has-inline-color has-white-color\">Lorsque vous viendrez avec votre classe chercher les manuels scolaires pr\u00eat\u00e9s par la R\u00e9gion Auvergne Rh\u00f4ne Alpes, vous pr\u00e9senterez :<\/mark><\/p>\n\n\n\n<div class=\"wp-block-group\"><div class=\"wp-block-group__inner-container is-layout-constrained wp-block-group-is-layout-constrained\">\n<ul class=\"wp-block-list\">\n<li>soit votre&nbsp;<strong>carte physique<\/strong><\/li>\n\n\n\n<li>soit votre mobile o\u00f9 vous aurez t\u00e9l\u00e9charg\u00e9<strong>&nbsp;l&rsquo;application Pass&rsquo;R\u00e9gion<\/strong>&nbsp;(vous montrerez le QR code situ\u00e9 dans la rubrique AVANTAGES)<\/li>\n\n\n\n<li>soit votre&nbsp;<strong>num\u00e9ro de dossier re\u00e7u par mail \u00e0 l&rsquo;issue de la commande<\/strong>&nbsp;du Pass&rsquo;R\u00e9gion (vous pouvez ne pas avoir encore re\u00e7u votre carte Pass&rsquo;R\u00e9gion \u00e0 domicile et quand m\u00eame avoir vos manuels).<\/li>\n<\/ul>\n<\/div><\/div>\n<\/div><\/div>\n\n\n\n<hr class=\"wp-block-separator has-css-opacity is-style-wide\"\/>\n\n\n\n<p><mark style=\"background-color:rgba(0, 0, 0, 0)\" class=\"has-inline-color has-vivid-red-color\"><strong>LISTE DES MANUELS 2024-2025<\/strong><\/mark> Voir l&rsquo;article sur le c\u00f4t\u00e9<\/p>\n\n\n\n<hr class=\"wp-block-separator has-alpha-channel-opacity\"\/>\n\n\n\n<p><\/p>\n","protected":false},"excerpt":{"rendered":"<p>Adh\u00e9sion et\/ou soutienann\u00e9e scolaire 2025-2026 Chers parents,L\u2019Association Bourse Aux Livres du lyc\u00e9e Berthollet (BALB) est une association loi 1901 qui assure la pr\u00e9paration, la distribution et la restitution des livres,&nbsp;pr\u00eat\u00e9s \u2026 <a class=\"continue-reading-link\" href=\"https:\/\/www.boursedeslivres.com\/\">Lire la suite <span class=\"meta-nav\">&rarr; <\/span><\/a><\/p>\n","protected":false},"author":5,"featured_media":1016,"parent":0,"menu_order":1,"comment_status":"closed","ping_status":"closed","template":"","meta":{"two_page_speed":{"previous_score":{"desktop_score":100,"desktop_tti":"0.6\u00a0","mobile_score":93,"mobile_tti":"3.2\u00a0","date":"07.08.2025 08:39:41 am","status":"completed"},"current_score":{"desktop_score":100,"desktop_tti":"0.6\u00a0","mobile_score":93,"mobile_tti":"3.2\u00a0","date":"07.08.2025 08:40:02 am","status":"completed"}},"footnotes":""},"class_list":["post-5","page","type-page","status-publish","has-post-thumbnail","hentry"],"_links":{"self":[{"href":"https:\/\/www.boursedeslivres.com\/index.php?rest_route=\/wp\/v2\/pages\/5","targetHints":{"allow":["GET"]}}],"collection":[{"href":"https:\/\/www.boursedeslivres.com\/index.php?rest_route=\/wp\/v2\/pages"}],"about":[{"href":"https:\/\/www.boursedeslivres.com\/index.php?rest_route=\/wp\/v2\/types\/page"}],"author":[{"embeddable":true,"href":"https:\/\/www.boursedeslivres.com\/index.php?rest_route=\/wp\/v2\/users\/5"}],"replies":[{"embeddable":true,"href":"https:\/\/www.boursedeslivres.com\/index.php?rest_route=%2Fwp%2Fv2%2Fcomments&post=5"}],"version-history":[{"count":226,"href":"https:\/\/www.boursedeslivres.com\/index.php?rest_route=\/wp\/v2\/pages\/5\/revisions"}],"predecessor-version":[{"id":2034,"href":"https:\/\/www.boursedeslivres.com\/index.php?rest_route=\/wp\/v2\/pages\/5\/revisions\/2034"}],"wp:featuredmedia":[{"embeddable":true,"href":"https:\/\/www.boursedeslivres.com\/index.php?rest_route=\/wp\/v2\/media\/1016"}],"wp:attachment":[{"href":"https:\/\/www.boursedeslivres.com\/index.php?rest_route=%2Fwp%2Fv2%2Fmedia&parent=5"}],"curies":[{"name":"wp","href":"https:\/\/api.w.org\/{rel}","templated":true}]}}