{"id":15,"date":"2014-03-02T16:09:12","date_gmt":"2014-03-02T15:09:12","guid":{"rendered":"http:\/\/www.boursedeslivres.com\/?page_id=15"},"modified":"2022-06-18T13:02:37","modified_gmt":"2022-06-18T12:02:37","slug":"inscription","status":"publish","type":"page","link":"https:\/\/www.boursedeslivres.com\/?page_id=15","title":{"rendered":"Contact"},"content":{"rendered":"\n<p>Par mail : bal.berthollet@gmail.com<\/p>\n\n\n<p><a href=\"https:\/\/www.boursedeslivres.com\/wp-content\/uploads\/2018\/03\/Contact.jpg\"><img loading=\"lazy\" decoding=\"async\" class=\"alignnone wp-image-912 size-medium\" src=\"https:\/\/www.boursedeslivres.com\/wp-content\/uploads\/2018\/03\/Contact-300x120.jpg\" alt=\"\" width=\"300\" height=\"120\" srcset=\"https:\/\/www.boursedeslivres.com\/wp-content\/uploads\/2018\/03\/Contact-300x120.jpg 300w, https:\/\/www.boursedeslivres.com\/wp-content\/uploads\/2018\/03\/Contact.jpg 750w\" sizes=\"auto, (max-width: 300px) 100vw, 300px\" \/><\/a><\/p>\n<p>\u00a0<\/p>\n<div style=\"display:none\" class=\"fm-form-container fm-theme88\"><div id=\"fm-pages11\" class=\"fm-pages wdform_page_navigation \" show_title=\"false\" show_numbers=\"true\" type=\"none\"><\/div><form name=\"form11\" action=\"\/index.php?rest_route=%2Fwp%2Fv2%2Fpages%2F15\" method=\"post\" id=\"form11\" class=\"fm-form form11  \" enctype=\"multipart\/form-data\"><input type=\"hidden\" id=\"fm_page_id11\" value=\"15\" name=\"fm_page_id11\" \/><input type=\"hidden\" id=\"fm_current_post_type11\" value=\"page\" name=\"fm_current_post_type11\" \/><input type=\"hidden\" id=\"counter11\" value=\"17\" name=\"counter11\" \/><input type=\"hidden\" id=\"Itemid11\" value=\"\" name=\"Itemid11\" \/><input type=\"hidden\" id=\"fm_shake11\" value=\"1\" name=\"fm_shake11\" \/><input type=\"text\" class=\"fm-hide\" id=\"fm_empty_field_validation11\" value=\"\" name=\"fm_empty_field_validation11\" data-value=\"bd736efb144d599cf463541431fbf5c4\" \/><div class=\"wdform-page-and-images\" style=\"display:table; border-top:0px solid black;\"><div id=\"11form_view1\" class=\"wdform_page\" page_title=\"Untitled page\" next_title=\"Next\" next_type=\"text\" next_class=\"wdform-page-button\" next_checkable=\"false\" previous_title=\"Previous\" previous_type=\"text\" previous_class=\"wdform-page-button\" previous_checkable=\"false\"><div class=\"wdform_section\"><div class=\"wdform_column\"><div wdid=\"1\" class=\"wdform_row\"><div type=\"type_name\" class=\"wdform-field wd-width-100 wd-flex wd-flex-column fm-type_name\" ><div class=\"wdform-label-section wd-width-100  wd-flex-row\" style=\"max-width: 150px;\">    <label  for=\"wdform_1_element_first11\" class=\"wdform-label\">Coordonn\u00e9es: <\/label><span class=\"wdform-required\">*<\/span><\/div><div class=\"wdform-element-section wd-flex  wd-flex-row wd-width-100\" ><div class=\"wd-flex wd-flex-column wd-width-50\"><input type=\"text\" class=\"wd-width-100\" id=\"wdform_1_element_first11\" name=\"wdform_1_element_first11\" data-value=\"\" value=\"\" title=\"\" placeholder=\"\"  \/><label class=\"mini_label\" for=\"wdform_1_element_first11\">Nom<\/label><\/div><div class=\"wd-flex wd-flex-column wd-name-separator\"><\/div><div class=\"wd-flex wd-flex-column wd-width-50\"><input type=\"text\" class=\"wd-width-100\" id=\"wdform_1_element_last11\" name=\"wdform_1_element_last11\" data-value=\"\" value=\"\" title=\"\" placeholder=\"\"  \/><label class=\"mini_label\" for=\"wdform_1_element_last11\">Pr\u00e9nom<\/label><\/div><\/div><\/div><\/div><div wdid=\"9\" class=\"wdform_row\" style=\"position: relative; left: 0px; top: 0px;\"><div type=\"type_address\" class=\"wdform-field wd-width-100 wd-flex wd-flex-column fm-type_address\" ><div class=\"wdform-label-section wd-width-100 wdform_address wd-flex-column\">    <label  for=\"wdform_9_street111\" class=\"wdform-label\">Adresse<\/label><\/div><div class=\"wdform-element-section wd-flex wdform_address wd-flex-column wd-width-100\" ><span class=\"wd-width-100 wd-address\" id=\"wdform_9_address_0\">                <input class=\"wd-width-100 wdform_9_address_0\" type=\"text\" id=\"wdform_9_street111\" name=\"wdform_9_street111\" value=\"\"  \/>                <label for=\"wdform_9_street111\" class=\"mini_label\">Rue<\/label><\/span><span class=\"wd-width-100 wd-address\" id=\"wdform_9_address_1\">                <input class=\"wd-width-100 wdform_9_address_1\" type=\"text\" id=\"wdform_9_street211\" name=\"wdform_10_street211\" value=\"\"  \/>                <label for=\"wdform_9_street211\" class=\"mini_label\">Compl\u00e9ment<\/label><\/span><span class=\"wd-width-100 wd-flex wd-flex-row wd-flex-wrap wd-justify-content\"><span class=\"wd-width-49 wd-address\" id=\"wdform_9_address_2\">                <input class=\"wd-width-100 wdform_9_address_2\" type=\"text\" id=\"wdform_9_city11\" name=\"wdform_11_city11\" value=\"\"  \/>                <label for=\"wdform_9_city11\" class=\"mini_label\">Ville<\/label><\/span><span class=\"wd-width-49 wd-address\" id=\"wdform_9_address_4\">              <input class=\"wd-width-100 wdform_9_address_4\" type=\"text\" id=\"wdform_9_postal11\" name=\"wdform_13_postal11\" value=\"\"  \/>              <label for=\"wdform_9_postal11\" class=\"mini_label\">Code Postal<\/label><\/span><\/span><\/div><\/div><\/div><div wdid=\"2\" class=\"wdform_row\"><div type=\"type_submitter_mail\" class=\"wdform-field wd-width-100 wd-flex wd-flex-column fm-type_submitter_mail\" ><div class=\"wdform-label-section wd-width-100  wd-flex-row\" style=\"max-width: 200px;\">    <label  for=\"wdform_2_element11\" class=\"wdform-label\">Adresse mail:<\/label><span class=\"wdform-required\">*<\/span><\/div><div class=\"wdform-element-section wd-flex  wd-flex-row wd-width-100\" ><input type=\"text\" class=\"wd-width-100\" id=\"wdform_2_element11\" name=\"wdform_2_element11\" data-value=\"\" value=\"\" title=\"\" placeholder=\"\"   onchange=\"wd_check_email('2', '11', 'Ceci n\\'est pas une adresse e-mail valide')\" \/><\/div><\/div><\/div><div wdid=\"3\" class=\"wdform_row\"><div type=\"type_phone\" class=\"wdform-field wd-width-100 wd-flex wd-flex-column fm-type_phone\" ><div class=\"wdform-label-section wd-width-100  wd-flex-row\">    <label  for=\"wdform_3_element_first11\" class=\"wdform-label\">Mobile: (de pr\u00e9f\u00e9rence)<\/label><\/div><div class=\"wdform-element-section wd-flex  wd-flex-row wd-width-100\" ><div class=\"wd-flex wd-flex-column wd-width-20\">                <input type=\"text\" class=\"wd-phone-first\" id=\"wdform_3_element_first11\" name=\"wdform_3_element_first11\" value=\"33\" title=\"33\" placeholder=\"33\" >                <label for=\"wdform_3_element_first11\" class=\"mini_label wd-flex-column\"><\/label>              <\/div>              <div>                <div class=\"wd-flex wd-flex-column \">&nbsp;-&nbsp;<\/div>              <\/div>              <div class=\"wd-flex wd-flex-column wd-width-80\">                <input type=\"text\" class=\"wd-flex-column wd-width-100\" id=\"wdform_3_element_last11\" name=\"wdform_3_element_last11\" value=\"\" title=\"\" placeholder=\"\"  \/>                <label for=\"wdform_3_element_last11\" class=\"wd-flex-column mini_label\">Num\u00e9ro<\/label>              <\/div><\/div><\/div><\/div><div wdid=\"5\" class=\"wdform_row\" style=\"position: relative; left: 0px; top: 0px;\"><div type=\"type_checkbox\" class=\"wdform-field wd-width-100 wd-flex wd-flex-column fm-type_checkbox\" ><div class=\"wdform-label-section wd-width-100  wd-flex-wrap wd-flex-column\" style=\"max-width: 200px;\">    <label  class=\"wdform-label\"> <\/label><\/div><div class=\"wdform-element-section wd-flex  wd-flex-wrap wd-flex-column wd-width-100\" ><div class=\"wd-flex wd-flex-column\"><input type=\"hidden\" name=\"wdform_5_element11\" value=\"\" \/><div class=\"checkbox-div wd-choice wd-flex wd-flex-row\"><input type=\"checkbox\"  id=\"wdform_5_element110\" name=\"wdform_5_element110\" value=\"Je souhaite devenir b\u00e9n\u00e9vole\"    attribute=value \/><label class=\"wd-align-items-center wd-flex wd-flex-row\" for=\"wdform_5_element110\"><span><\/span>Je souhaite devenir b\u00e9n\u00e9vole<\/label><\/div><\/div><\/div><\/div><\/div><div wdid=\"6\" class=\"wdform_row\"><div type=\"type_textarea\" class=\"wdform-field wd-width-100 wd-flex wd-flex-column fm-type_textarea\" ><div class=\"wdform-label-section wd-width-100 \" style=\"max-width: 150px;\">    <label  for=\"wdform_6_element11\" class=\"wdform-label\">Votre message:<\/label><\/div><div class=\"wdform-element-section wd-flex  wd-width-100\" ><textarea class=\"wd-width-100\"                      id=\"wdform_6_element11\"                      name=\"wdform_6_element11\"                      placeholder=\"\"                      data-value=\"\"                      maxlength=\"\"                      style=\"height: 150px;\"                      ><\/textarea><\/div><\/div><\/div><div wdid=\"16\" class=\"wdform_row\"><div type=\"type_captcha\" class=\"wdform-field wd-width-100 wd-flex wd-flex-column fm-type_captcha\" ><div class=\"wdform-label-section wd-width-100  wd-flex-row wd-align-items-center\">    <label  for=\"wd_captcha_input11\" class=\"wdform-label\">Protection anti spam<\/label><\/div><div class=\"wdform-element-section wd-flex  wd-flex-row wd-align-items-center wd-width-100\" ><img decoding=\"async\" type=\"captcha\"                           digit=\"6\"                           src=\" https:\/\/www.boursedeslivres.com\/wp-admin\/admin-ajax.php?action=formmakerwdcaptcha&digit=6&i=11\"                           id=\"wd_captcha11\"                           class=\"captcha_img wd-hidden\"                            \/><div class=\"captcha_refresh\" id=\"_element_refresh11\" ><\/div><input type=\"text\"                              class=\"captcha_input\"                              id=\"wd_captcha_input11\"                              name=\"captcha_input\"                              style=\"width: 80px;\"                               \/><\/div><\/div><\/div><div wdid=\"7\" class=\"wdform_row\"><div type=\"type_submit_reset\" class=\"wdform-field wd-width-100 wd-flex wd-flex-column fm-type_submit_reset\" ><div class=\"wdform-element-section wd-flex  wd-flex-row wd-justify-content-right wd-width-100\" ><button  type=\"button\" class=\"button-submit\" onclick=\"fm_submit_form('11');\"  data-ajax=\"0\"><span class=\"fm-submit-loading spinner fm-ico-spinner\"><\/span>Envoyer<\/button><button  type=\"button\" class=\"button-reset \" onclick=\"fm_reset_form(11);\" >Annuler<\/button><\/div><\/div><\/div><\/div><\/div><div valign=\"top\" class=\"wdform_footer\" style=\"width: 100%;\"><div style=\"width: 100%;\"><div style=\"width: 100%; display: table; padding-top:10px;\"><div style=\"display: table-row-group;\"><div id=\"11page_nav1\" style=\"display: table-row;\"><\/div><\/div><\/div><\/div><\/div><\/div><\/div><div class=\"wdform_preload\"><\/div><input type=\"hidden\" name=\"fm-current-page\" value=\"https:\/\/www.boursedeslivres.com\/index.php?rest_route=%2Fwp%2Fv2%2Fpages%2F15\" \/><\/form><\/div>\n<p style=\"text-align: justify;\">L&rsquo;association est d\u00e9clar\u00e9e aupr\u00e8s de la <strong>CNIL<\/strong>.\u00a0Les informations recueillies sont n\u00e9cessaires pour votre inscription.<br \/>Elles font l\u2019objet d\u2019un traitement informatique et sont destin\u00e9es au secr\u00e9tariat de l\u2019association. En application des articles 39 et suivants de la loi du 6 janvier 1978 modifi\u00e9e, vous b\u00e9n\u00e9ficiez d\u2019un droit d\u2019acc\u00e8s et de rectification aux informations qui vous concernent.<\/p>\n<p>Si vous souhaitez exercer ce droit et obtenir communication des informations vous concernant, veuillez vous adresser \u00e0 :<\/p>\n<p><a href=\"https:\/\/www.boursedeslivres.com\/wp-content\/uploads\/2018\/03\/Plan_Bertho.png\" target=\"_blank\" rel=\"noopener\"><img loading=\"lazy\" decoding=\"async\" class=\"alignnone wp-image-1042 size-large\" src=\"https:\/\/www.boursedeslivres.com\/wp-content\/uploads\/2018\/03\/Plan_Bertho-1024x497.png\" alt=\"\" width=\"980\" height=\"476\" srcset=\"https:\/\/www.boursedeslivres.com\/wp-content\/uploads\/2018\/03\/Plan_Bertho-1024x497.png 1024w, https:\/\/www.boursedeslivres.com\/wp-content\/uploads\/2018\/03\/Plan_Bertho-300x146.png 300w, https:\/\/www.boursedeslivres.com\/wp-content\/uploads\/2018\/03\/Plan_Bertho-768x373.png 768w, https:\/\/www.boursedeslivres.com\/wp-content\/uploads\/2018\/03\/Plan_Bertho-150x73.png 150w, https:\/\/www.boursedeslivres.com\/wp-content\/uploads\/2018\/03\/Plan_Bertho-250x121.png 250w, https:\/\/www.boursedeslivres.com\/wp-content\/uploads\/2018\/03\/Plan_Bertho.png 1730w\" sizes=\"auto, (max-width: 980px) 100vw, 980px\" \/><\/a><\/p>\n<p style=\"text-align: justify;\"><strong>B.A.L.B.\u00a0<\/strong><\/p>\n<p style=\"text-align: justify;\"><em><span style=\"color: #999999;\"><strong>B<\/strong>ourse <strong>A<\/strong>ux <strong>L<\/strong>ivres\u00a0 du lyc\u00e9e\u00a0<strong>B<\/strong>erthollet d&rsquo;Annecy<\/span><\/em><\/p>\n<p style=\"text-align: justify;\">9 Boulevard du Lyc\u00e9e &#8211; Annecy<\/p>\n<p style=\"text-align: justify;\">74000 ANNECY<\/p>\n<p style=\"text-align: justify;\"><strong>\u00a0<\/strong><\/p>","protected":false},"excerpt":{"rendered":"<p>Par mail : bal.berthollet@gmail.com \u00a0 L&rsquo;association est d\u00e9clar\u00e9e aupr\u00e8s de la CNIL.\u00a0Les informations recueillies sont n\u00e9cessaires pour votre inscription.Elles font l\u2019objet d\u2019un traitement informatique et sont destin\u00e9es au secr\u00e9tariat de \u2026 <a class=\"continue-reading-link\" href=\"https:\/\/www.boursedeslivres.com\/?page_id=15\">Lire la suite <span class=\"meta-nav\">&rarr; <\/span><\/a><\/p>\n","protected":false},"author":6,"featured_media":0,"parent":0,"menu_order":60,"comment_status":"closed","ping_status":"closed","template":"","meta":{"two_page_speed":[],"footnotes":""},"class_list":["post-15","page","type-page","status-publish","hentry"],"_links":{"self":[{"href":"https:\/\/www.boursedeslivres.com\/index.php?rest_route=\/wp\/v2\/pages\/15","targetHints":{"allow":["GET"]}}],"collection":[{"href":"https:\/\/www.boursedeslivres.com\/index.php?rest_route=\/wp\/v2\/pages"}],"about":[{"href":"https:\/\/www.boursedeslivres.com\/index.php?rest_route=\/wp\/v2\/types\/page"}],"author":[{"embeddable":true,"href":"https:\/\/www.boursedeslivres.com\/index.php?rest_route=\/wp\/v2\/users\/6"}],"replies":[{"embeddable":true,"href":"https:\/\/www.boursedeslivres.com\/index.php?rest_route=%2Fwp%2Fv2%2Fcomments&post=15"}],"version-history":[{"count":57,"href":"https:\/\/www.boursedeslivres.com\/index.php?rest_route=\/wp\/v2\/pages\/15\/revisions"}],"predecessor-version":[{"id":1797,"href":"https:\/\/www.boursedeslivres.com\/index.php?rest_route=\/wp\/v2\/pages\/15\/revisions\/1797"}],"wp:attachment":[{"href":"https:\/\/www.boursedeslivres.com\/index.php?rest_route=%2Fwp%2Fv2%2Fmedia&parent=15"}],"curies":[{"name":"wp","href":"https:\/\/api.w.org\/{rel}","templated":true}]}}